late u(-3).
56
Let x(a) = 9*a**3 + 72*a**2 + 8*a + 4. What is x(-8)?
-60
Let a(i) = 2*i**2 + 112*i + 1400. Calculate a(-38).
32
Let k(q) = -30*q + 461. Determine k(16).
-19
Let f(c) = 3*c**2 + 76*c - 249. Give f(-28).
-25
Let f(u) = -7*u + 119. Determine f(-11).
196
Let o(j) = -21*j**3 + 146*j**2 - 3*j + 64. What is o(7)?
-6
Let l(w) = -w**2 - 47*w - 245. What is l(-5)?
-35
Let b(g) = g**2 + 45*g - 1570. What is b(23)?
-6
Let a(v) = -2*v**3 - 5*v**2 - 8*v - 47. Determine a(-5).
118
Let i(h) = 69*h + 332. Determine i(-3).
125
Let o(z) = -z**2 - 120*z + 5. What is o(0)?
5
Let u(m) = 11*m**2 - 428*m - 1874. Determine u(-4).
14
Let k(f) = -f**2 - 354*f - 6066. Give k(-18).
-18
Let b(d) = -13*d + 120. Calculate b(12).
-36
Let k(j) = j**3 - 4*j**2 - 85*j + 451. Determine k(5).
51
Let q(k) = -55*k + 3031. Calculate q(55).
6
Let h(n) = n**3 - 27*n**2 - 33*n + 921. What is h(27)?
30
Let c(x) = -2*x**3 - 32*x**2 + 2047*x - 140. Calculate c(-41).
-17
Let s(g) = 14*g**2 + 126*g - 3. What is s(-9)?
-3
Let g(d) = 3*d**2 + 116*d + 191. Calculate g(-37).
6
Let d(y) = 226*y + 836. Calculate d(-4).
-68
Let f(m) = m**3 + 17*m**2 + 45*m + 1575. Determine f(-19).
-2
Let g(u) = -14*u - 1026. Calculate g(-63).
-144
Let r(t) = 36*t**2 + 2129*t + 112. What is r(-59)?
-183
Let m(c) = c**3 + 45*c**2 - 36*c + 142. What is m(-46)?
-318
Let j(k) = 333*k + 10330. What is j(-31)?
7
Let y(q) = -2951*q**2 - 14747*q + 2. What is y(-5)?
-38
Let i(b) = -b**3 + 13*b**2 - 23*b + 21. What is i(11)?
10
Let i(f) = -f**2 + 24*f - 41. Calculate i(25).
-66
Let w(r) = -r**2 + 8*r + 36. Calculate w(-5).
-29
Let y(r) = 30*r**3 - 4*r**2 + 7*r - 6. Give y(3).
789
Let n(j) = 9*j**2 - 18*j - 111. What is n(-7)?
456
Let b(g) = -g - 52. What is b(13)?
-65
Let t(q) = 6*q - 198. Give t(38).
30
Let d(m) = -m**2 - 16*m + 5. What is d(0)?
5
Let w(z) = z**3 - 6*z**2 - 242*z - 92. Determine w(19).
3
Let y(x) = -2*x**2 + 66*x + 979. Give y(44).
11
Let m(q) = q**3 - 48*q**2 - 99*q + 23. What is m(50)?
73
Let f(p) = -2754*p + 112907. Give f(41).
-7
Let d(l) = l**2 + 24*l + 36. Calculate d(-23).
13
Let q(j) = j**2 - 8*j + 59. What is q(12)?
107
Let l(b) = -b**3 - 50*b**2 - 206*b - 3050. Calculate l(-47).
5
Let y(r) = 5*r + 202. Calculate y(-32).
42
Let z(u) = -u + 46. Determine z(-16).
62
Let p(c) = c**2 - 15*c + 145. Calculate p(18).
199
Let j(x) = -9*x**2 - 57*x + 39. Calculate j(-6).
57
Let x(s) = s**2 - 51*s - 362. Determine x(-6).
-20
Let s(b) = 26*b - 737. Determine s(34).
147
Let f(l) = -l**3 + 70*l**2 + 393*l + 106. Determine f(-5).
16
Let h(a) = 70*a - 1466. What is h(24)?
214
Let j(s) = -2*s**2 + 75*s + 724. Calculate j(-8).
-4
Let q(w) = -5356*w - 133907. Give q(-25).
-7
Let u(c) = -c**3 + 11*c**2 - 11*c - 33. Determine u(8).
71
Let j(n) = 2*n**2 - 2*n - 6. Determine j(-7).
106
Let y(z) = -z**3 + 43*z**2 - 279*z - 32. What is y(35)?
3
Let v(m) = -m**3 + 57*m**2 - 43*m - 743. Determine v(56).
-15
Let l(a) = -2*a**3 + 51*a**2 - 8*a - 16. Calculate l(25).
409
Let y(v) = -1977*v + 43499. Calculate y(22).
5
Let y(n) = n**3 - 5*n**2 - 878*n + 457. Give y(32).
9
Let a(m) = m**3 + 10*m**2 + 53*m + 703. Determine a(-11).
-1
Let d(r) = r**2 + 98*r - 202. Give d(-100).
-2
Let o(t) = t**3 + t**2 - 6*t - 19. Calculate o(-3).
-19
Let o(b) = -10*b**2 + 296*b + 117. Determine o(27).
819
Let o(k) = 19*k**2 - 22*k + 23. Determine o(5).
388
Let t(v) = -v**3 + 8*v**2 + 21*v - 215. Calculate t(0).
-215
Let c(s) = 38*s**2 + 3978*s - 3978. What is c(1)?
38
Let k(f) = 66*f + 386. Give k(-6).
-10
Let v(h) = -4*h**2 - 56*h + 31. Calculate v(-14).
31
Let u(z) = -43*z + 1404. Determine u(32).
28
Let l(a) = -20*a + 45. Determine l(5).
-55
Let b(z) = 80*z - 754. Calculate b(9).
-34
Let g(t) = -10*t**2 + 24*t + 45. Determine g(-2).
-43
Let f(x) = 184*x + 2961. Calculate f(-16).
17
Let j(p) = 191*p - 1205. What is j(4)?
-441
Let s(h) = -h**2 + 69*h - 676. What is s(56)?
52
Let m(a) = -a**3 + 16*a**2 - 27*a - 168. What is m(13)?
-12
Let l(k) = -2*k**2 + 15*k - 66. Determine l(6).
-48
Let j(l) = l - 97. Give j(28).
-69
Let s(v) = -v**3 + 30*v**2 - 82*v + 114. Give s(27).
87
Let j(f) = f**3 - 94*f**2 + 917*f - 345. What is j(83)?
-13
Let x(a) = -10*a**2 + 488*a - 5658. What is x(30)?
-18
Let o(f) = -99*f + 1968. Calculate o(20).
-12
Let l(r) = -7*r**3 - 23*r**2 + r + 1. What is l(-3)?
-20
Let q(y) = -y**2 + 72*y + 274. What is q(-4)?
-30
Let g(q) = 15*q**3 - 80*q**2 + 12*q - 1. What is g(5)?
-66
Let w(g) = g**3 + 15*g**2 - 58*g - 213. What is w(-18)?
-141
Let l(f) = -f**2 - 18*f + 20. Determine l(-17).
37
Let o(c) = -130*c - 6630. Determine o(-51).
0
Let r(a) = 28*a + 1859. What is r(-67)?
-17
Let d(a) = -57*a - 158. Give d(-3).
13
Let g(t) = t + 95. What is g(6)?
101
Let k(w) = -w**3 - 23*w**2 - 34*w + 1164. Give k(-17).
8
Let d(x) = -x**2 + 42*x - 339. Give d(15).
66
Let z(b) = -b**2 + 263*b + 5658. Calculate z(-20).
-2
Let f(y) = 3*y**2 - 8*y + 69. Determine f(10).
289
Let z(r) = -25*r + 251. What is z(17)?
-174
Let l(t) = -t**2 - 9*t - 21. Give l(-4).
-1
Let x(h) = 15*h**2 - 36*h + 102. Calculate x(3).
129
Let v(q) = 160*q + 2711. Calculate v(-20).
-489
Let y(u) = u**3 - 10*u**2 - 6*u + 1. Determine y(-6).
-539
Let y(g) = -161*g - 4348. Calculate y(-27).
-1
Let f(a) = -28*a - 139. Give f(-4).
-27
Let p(h) = -4*h**2 - 214*h - 73. Calculate p(-53).
33
Let h(a) = 161*a - 133. Determine h(3).
350
Let s(j) = -3*j**2 + 27*j - 541. Calculate s(15).
-811
Let w(x) = 5*x**2 + 127*x + 63. What is w(-25)?
13
Let l(v) = 2*v**3 - 180*v**2 - 4*v + 51. What is l(90)?
-309
Let z(d) = -d**2 + 906*d - 3626. Determine z(4).
-18
Let b(y) = -6*y - 356. Give b(-51).
-50
Let c(z) = 14*z + 82. Give c(-12).
-86
Let u(l) = 356*l + 82206. Calculate u(-231).
-30
Let p(v) = 6*v - 248. Calculate p(40).
-8
Let g(u) = 4*u**3 + 24*u**2 - 39*u - 15. What is g(-8)?
-215
Let i(l) = l**3 + 30*l**2 + 107*l + 29. Determine i(-26).
-49
Let p(q) = 3*q**2 + 39*q - 222. Calculate p(14).
912
Let w(v) = -4*v**3 + 4*v**2 + 9*v - 13. What is w(4)?
-169
Let s(i) = 3*i**2 - 18*i + 47. Give s(3).
20
Let j(u) = 3*u**2 + 211*u - 6658. What is j(-94)?
16
Let s(p) = 7*p - 217. Calculate s(38).
49
Let d(b) = 3*b**3 - 34*b**2 - 5*b + 26. Determine d(11).
-150
Let s(q) = -q**3 - 17*q**2 + 2*q - 138. Give s(-18).
150
Let h(y) = y**3 + 13*y**2 - 3*y - 18. Calculate h(-10).
312
Let k(i) = -i**3 - 14*i**2 - 44*i - 2. Determine k(-12).
238
Let y(a) = 214*a - 28033. Calculate y(131).
1
Let v(p) = -257*p + 1717. Calculate v(7).
-82
Let v(k) = -k**3 + 8*k**2 + 20*k + 13. Calculate v(10).
13
Let p(c) = c**3 - 7*c**2 - 67*c + 66. Give p(12).
-18
Let x(h) = -h**3 - 12*h**2 - 5*h - 64. What is x(-12)?
-4
Let j(b) = 62*b - 23. Determine j(-2).
-147
Let n(a) = -28*a + 20. Determine n(2).
-36
Let r(n) = 2*n**2 - 153*n - 14804. Calculate r(-56).
36
Let b(w) = 2*w**3 - 4*w**2 + 18*w - 71. What is b(3)?
1
Let d(t) = 2*t**3 - 79*t**2 + 57*t - 712. Determine d(39).
-10
Let l(d) = -d**2 - 39*d - 379. What is l(-22)?
-5
Let h(u) = -u**3 + 5*u**2 + 65*u + 236. Calculate h(12).
8
Let j(h) = 55*h + 4480. Calculate j(-83).
-85
Let c(o) = o**3 + 3*o**2 - 34*o - 109. What is c(-3)?
-7
Let g(k) = k**3 - 49*k**2 + 29*k + 917. Determine g(48).
5
Let x(y) = 2*y**3 + 24*y**2 - 97*y - 1393. What is x(-10)?
-23
Let y(r) = 71*r + 169. Give y(-6).
-257
Let y(s) = -s**2 - 9*s - 22. Give y(-14).
-92
Let g(k) = -2*k**2 - 144*k + 130. Determine g(-73).
-16
Let w(h) = h**3 - 10*h**2 + 27*h + 6. Calculate w(8).
94
Let j(h) = h**2 + 9*h - 561. What is j(-28)?
-29
Let x(q) = -q**2 - 18*q + 321. Calculate x(-26).
113
Let c(p) = 151*p**2 - 1054*p - 2. What is c(7)?
19
Let f(p) = 6*p**3 + 205*p**2 + 35*p + 148. Determine f(-34).
114
Let u(y) = -y**3 + y**2 - 10*y - 26. Determine u(-4).
94
Let u(b) = -2*b**2 + 139*b - 2350. Calculate u(30).
20
Let a(z) = -111*z + 3144. Calculate a(29).
-75
Let o(h) = -12*h**3 + 9*h**2 + 8*h - 2. Determine o(-1).
11
Let g(p) = -p + 265. Calculate g(7).
258
Let a(v) = -246*v**2 + 232*v + 5. Determine a(1).
-9
Let d(j) = 110*j + 5409. Determine d(-49).
19
Let b(r) = -58*r + 1926. Give b(34).
-46
Let g(s) = -s**2 + 8*s + 18. Calculate g(12).
-30
Let a(i) = -11*i**2 + 175*i + 184. What is a(17)?
-20
Let t(d) = -d**2 + 19*d + 232. Calculate t(28).
-20
Let p(q) = 212*q + 1051. What is p(-5)?
-9
Let o